{"id":216,"date":"2015-06-19T13:45:02","date_gmt":"2015-06-19T12:45:02","guid":{"rendered":"http:\/\/ra-krell.de\/?page_id=216"},"modified":"2020-11-06T14:14:25","modified_gmt":"2020-11-06T13:14:25","slug":"kosten","status":"publish","type":"page","link":"https:\/\/ra-krell.de\/?page_id=216","title":{"rendered":"Kosten"},"content":{"rendered":"<p>Die Geb\u00fchren f\u00fcr meine T\u00e4tigkeit richten sich nach den Regelungen des Rechtsanw\u00e4ltsverg\u00fctungsgesetzes (<a title=\"RVG\" href=\"http:\/\/www.gesetze-im-internet.de\/rvg\/index.html\" target=\"_blank\" rel=\"noopener noreferrer\">RVG<\/a>). Davon abweichend k\u00f6nnen Honorarvereinbarungen \u00fcber Pauschalen bzw. Stundens\u00e4tze geschlossen werden. Die zu erwartenden Kosten und ob der Abschluss einer Honorarvereinbarung angezeigt ist, bespreche ich gern mit Ihnen im Rahmen des Erstgespr\u00e4ches.<\/p>\n<p>In Schadensersatzstreitigkeiten, K\u00fcndigungsstreitigkeiten, Fahrerlaubnisangelegenheiten, Bu\u00dfgeldsachen und Strafsachen (sofern es sich um den Vorwurf einer fahrl\u00e4ssigen Tatbegehung handelt) \u00fcbernimmt in den meisten F\u00e4llen Ihre Rechtsschutzversicherung die Rechtsanwalts- und Verfahrenskosten.<\/p>\n<p>Bei unverschuldeten Verkehrsunf\u00e4llen \u00fcbernimmt in der Regel die KfZ-Haftpflichtversicherung des Unfallgegners die Rechtsanwaltsgeb\u00fchren &#8211; so dass in diesen F\u00e4llen f\u00fcr Sie keinerlei Kosten entstehen.<\/p>\n<p>Grunds\u00e4tzlich empfehle ich den Abschluss einer Rechtsschutzversicherung f\u00fcr den Bereich des Verkehrsrechts.<\/p>\n","protected":false},"excerpt":{"rendered":"<p>Die Geb\u00fchren f\u00fcr meine T\u00e4tigkeit richten sich nach den Regelungen des Rechtsanw\u00e4ltsverg\u00fctungsgesetzes (RVG). Davon abweichend k\u00f6nnen Honorarvereinbarungen \u00fcber Pauschalen bzw. Stundens\u00e4tze geschlossen werden. Die zu erwartenden Kosten und ob der Abschluss einer Honorarvereinbarung angezeigt ist, bespreche ich gern mit Ihnen im Rahmen des Erstgespr\u00e4ches. In Schadensersatzstreitigkeiten, K\u00fcndigungsstreitigkeiten, Fahrerlaubnisangelegenheiten, Bu\u00dfgeldsachen und Strafsachen (sofern es sich um&#8230; <a class=\"more\" href=\"https:\/\/ra-krell.de\/?page_id=216\">Weiterlesen &rarr;<\/a><\/p>\n","protected":false},"author":1,"featured_media":0,"parent":0,"menu_order":0,"comment_status":"closed","ping_status":"open","template":"fullwidth-page.php","meta":[],"_links":{"self":[{"href":"https:\/\/ra-krell.de\/index.php?rest_route=\/wp\/v2\/pages\/216"}],"collection":[{"href":"https:\/\/ra-krell.de\/index.php?rest_route=\/wp\/v2\/pages"}],"about":[{"href":"https:\/\/ra-krell.de\/index.php?rest_route=\/wp\/v2\/types\/page"}],"author":[{"embeddable":true,"href":"https:\/\/ra-krell.de\/index.php?rest_route=\/wp\/v2\/users\/1"}],"replies":[{"embeddable":true,"href":"https:\/\/ra-krell.de\/index.php?rest_route=%2Fwp%2Fv2%2Fcomments&post=216"}],"version-history":[{"count":4,"href":"https:\/\/ra-krell.de\/index.php?rest_route=\/wp\/v2\/pages\/216\/revisions"}],"predecessor-version":[{"id":293,"href":"https:\/\/ra-krell.de\/index.php?rest_route=\/wp\/v2\/pages\/216\/revisions\/293"}],"wp:attachment":[{"href":"https:\/\/ra-krell.de\/index.php?rest_route=%2Fwp%2Fv2%2Fmedia&parent=216"}],"curies":[{"name":"wp","href":"https:\/\/api.w.org\/{rel}","templated":true}]}}